{"id":5587,"date":"2026-01-21T00:35:08","date_gmt":"2026-01-20T23:35:08","guid":{"rendered":"https:\/\/www.runnek.fr\/shop\/p\/non%20class\u00e9\/maillot-thermique-femme-m-l-runnek-clima\/"},"modified":"2026-04-27T14:11:59","modified_gmt":"2026-04-27T12:11:59","slug":"maillot-thermique-femme-m-l-runnek-clima","status":"publish","type":"product","link":"https:\/\/www.runnek.fr\/shop\/p\/running-femme\/t-shirt-a-manches-longues-femme\/maillot-thermique-femme-m-l-runnek-clima\/","title":{"rendered":"Maillot thermique femme m\/l runnek clima"},"content":{"rendered":"<p>Ressentez la chaleur et am\u00e9liorez vos performances, m\u00eame lors des journ\u00e9es les plus froides.<\/p>\n<p>Notre nouveau maillot de running <strong>femme<\/strong> \u00e0 manches longues combat le froid gr\u00e2ce \u00e0 son tissu technique thermique, d\u2019une douceur et respirabilit\u00e9 exceptionnelles.<\/p>\n<p>Confectionn\u00e9 avec la technologie <strong>Drysens<\/strong>, il favorise l\u2019\u00e9vacuation rapide de la transpiration afin de maintenir le corps au sec et \u00e0 une temp\u00e9rature optimale.<\/p>\n<p>Il se distingue par sa grande l\u00e9g\u00e8ret\u00e9, la praticit\u00e9 de la fermeture \u00e9clair au col avec patte de protection, les coutures plates anti-frottement, les ouvertures pour les pouces qui assurent un bon maintien tout en gardant les mains et poignets au chaud, les \u00e9l\u00e9ments r\u00e9fl\u00e9chissants <strong>High Reflective<\/strong> pour augmenter votre visibilit\u00e9 dans l\u2019obscurit\u00e9, ainsi que sa coupe <strong>Skin4Run<\/strong>, garantissant un ajustement parfait.<\/p>\n<p>Couleurs disponibles :<\/p>\n<ul>\n<li>Noir Intense<\/li>\n<li>Bleu Klein<\/li>\n<li>Vert Medium Olive<\/li>\n<\/ul>\n<div class=\"avia-gallery\"><a href=\"https:\/\/www.runnek.fr\/shop\/wp-content\/uploads\/2023\/06\/technologie-runnek.jpg\"><img decoding=\"async\" class=\"alignnone size-full wp-image-2276\" style=\"width: 80%; padding: 0;\" title=\"Technologie\" src=\"https:\/\/www.runnek.fr\/shop\/wp-content\/uploads\/2023\/06\/technologie.webp\" alt=\"Technologie Runnek\" \/><\/a><\/div>\n","protected":false},"excerpt":{"rendered":"<ul>\n<li>Tissus confectionn\u00e9s pour r\u00e9sister aux climats difficiles.<\/li>\n<li>Nos tissus DrySens Winter et Microtech capillarisent la transpiration gr\u00e2ce \u00e0 leur composition micro-Cellulaire.<\/li>\n<li>Con\u00e7u avec des coutures plaqu\u00e9es pour un maximum de confort et pour \u00e9viter les frottements.<\/li>\n<li>Notre technologie Skin4Run garantit une adaptation parfaite \u00e0 votre corps pour am\u00e9liorer vos performances.<\/li>\n<\/ul>\n","protected":false},"featured_media":5662,"comment_status":"open","ping_status":"closed","template":"","meta":{"_acf_changed":false},"product_brand":[],"product_cat":[42],"product_tag":[],"class_list":{"0":"post-5587","1":"product","2":"type-product","3":"status-publish","4":"has-post-thumbnail","6":"product_cat-t-shirt-a-manches-longues-femme","8":"first","9":"instock","10":"taxable","11":"shipping-taxable","12":"purchasable","13":"product-type-variable","14":"wvs-archive-product-wrapper"},"acf":[],"yoast_head":"<!-- This site is optimized with the Yoast SEO plugin v27.3 - https:\/\/yoast.com\/product\/yoast-seo-wordpress\/ -->\n<title>Maillot thermique femme m\/l runnek clima - Shop Runnek<\/title>\n<meta name=\"robots\" content=\"index, follow, max-snippet:-1, max-image-preview:large, max-video-preview:-1\" \/>\n<link rel=\"canonical\" href=\"https:\/\/www.runnek.fr\/shop\/p\/running-femme\/t-shirt-a-manches-longues-femme\/maillot-thermique-femme-m-l-runnek-clima\/\" \/>\n<meta property=\"og:locale\" content=\"fr_FR\" \/>\n<meta property=\"og:type\" content=\"article\" \/>\n<meta property=\"og:title\" content=\"Maillot thermique femme m\/l runnek clima - Shop Runnek\" \/>\n<meta property=\"og:description\" content=\"Tissus confectionn\u00e9s pour r\u00e9sister aux climats difficiles.  Nos tissus DrySens Winter et Microtech capillarisent la transpiration gr\u00e2ce \u00e0 leur composition micro-Cellulaire.  Con\u00e7u avec des coutures plaqu\u00e9es pour un maximum de confort et pour \u00e9viter les frottements.  Notre technologie Skin4Run garantit une adaptation parfaite \u00e0 votre corps pour am\u00e9liorer vos performances.\" \/>\n<meta property=\"og:url\" content=\"https:\/\/www.runnek.fr\/shop\/p\/running-femme\/t-shirt-a-manches-longues-femme\/maillot-thermique-femme-m-l-runnek-clima\/\" \/>\n<meta property=\"og:site_name\" content=\"Shop Runnek\" \/>\n<meta property=\"article:publisher\" content=\"https:\/\/www.facebook.com\/runnekitalia\/\" \/>\n<meta property=\"article:modified_time\" content=\"2026-04-27T12:11:59+00:00\" \/>\n<meta property=\"og:image\" content=\"https:\/\/www.runnek.fr\/shop\/wp-content\/uploads\/2026\/01\/Runnek-CLIMA-vert-medium-olive-m-femme-1.webp\" \/>\n\t<meta property=\"og:image:width\" content=\"800\" \/>\n\t<meta property=\"og:image:height\" content=\"800\" \/>\n\t<meta property=\"og:image:type\" content=\"image\/webp\" \/>\n<meta name=\"twitter:card\" content=\"summary_large_image\" \/>\n<meta name=\"twitter:site\" content=\"@RunnekItalia\" \/>\n<meta name=\"twitter:label1\" content=\"Dur\u00e9e de lecture estim\u00e9e\" \/>\n\t<meta name=\"twitter:data1\" content=\"2 minutes\" \/>\n<script type=\"application\/ld+json\" class=\"yoast-schema-graph\">{\"@context\":\"https:\\\/\\\/schema.org\",\"@graph\":[{\"@type\":\"WebPage\",\"@id\":\"https:\\\/\\\/www.runnek.fr\\\/shop\\\/p\\\/running-femme\\\/t-shirt-a-manches-longues-femme\\\/maillot-thermique-femme-m-l-runnek-clima\\\/\",\"url\":\"https:\\\/\\\/www.runnek.fr\\\/shop\\\/p\\\/running-femme\\\/t-shirt-a-manches-longues-femme\\\/maillot-thermique-femme-m-l-runnek-clima\\\/\",\"name\":\"Maillot thermique femme m\\\/l runnek clima - Shop Runnek\",\"isPartOf\":{\"@id\":\"https:\\\/\\\/www.runnek.fr\\\/shop\\\/#website\"},\"primaryImageOfPage\":{\"@id\":\"https:\\\/\\\/www.runnek.fr\\\/shop\\\/p\\\/running-femme\\\/t-shirt-a-manches-longues-femme\\\/maillot-thermique-femme-m-l-runnek-clima\\\/#primaryimage\"},\"image\":{\"@id\":\"https:\\\/\\\/www.runnek.fr\\\/shop\\\/p\\\/running-femme\\\/t-shirt-a-manches-longues-femme\\\/maillot-thermique-femme-m-l-runnek-clima\\\/#primaryimage\"},\"thumbnailUrl\":\"https:\\\/\\\/www.runnek.fr\\\/shop\\\/wp-content\\\/uploads\\\/2026\\\/01\\\/Runnek-CLIMA-vert-medium-olive-m-femme-1.webp\",\"datePublished\":\"2026-01-20T23:35:08+00:00\",\"dateModified\":\"2026-04-27T12:11:59+00:00\",\"breadcrumb\":{\"@id\":\"https:\\\/\\\/www.runnek.fr\\\/shop\\\/p\\\/running-femme\\\/t-shirt-a-manches-longues-femme\\\/maillot-thermique-femme-m-l-runnek-clima\\\/#breadcrumb\"},\"inLanguage\":\"fr-FR\",\"potentialAction\":[{\"@type\":\"ReadAction\",\"target\":[\"https:\\\/\\\/www.runnek.fr\\\/shop\\\/p\\\/running-femme\\\/t-shirt-a-manches-longues-femme\\\/maillot-thermique-femme-m-l-runnek-clima\\\/\"]}]},{\"@type\":\"ImageObject\",\"inLanguage\":\"fr-FR\",\"@id\":\"https:\\\/\\\/www.runnek.fr\\\/shop\\\/p\\\/running-femme\\\/t-shirt-a-manches-longues-femme\\\/maillot-thermique-femme-m-l-runnek-clima\\\/#primaryimage\",\"url\":\"https:\\\/\\\/www.runnek.fr\\\/shop\\\/wp-content\\\/uploads\\\/2026\\\/01\\\/Runnek-CLIMA-vert-medium-olive-m-femme-1.webp\",\"contentUrl\":\"https:\\\/\\\/www.runnek.fr\\\/shop\\\/wp-content\\\/uploads\\\/2026\\\/01\\\/Runnek-CLIMA-vert-medium-olive-m-femme-1.webp\",\"width\":800,\"height\":800},{\"@type\":\"BreadcrumbList\",\"@id\":\"https:\\\/\\\/www.runnek.fr\\\/shop\\\/p\\\/running-femme\\\/t-shirt-a-manches-longues-femme\\\/maillot-thermique-femme-m-l-runnek-clima\\\/#breadcrumb\",\"itemListElement\":[{\"@type\":\"ListItem\",\"position\":1,\"name\":\"Portada\",\"item\":\"https:\\\/\\\/www.runnek.fr\\\/shop\\\/\"},{\"@type\":\"ListItem\",\"position\":2,\"name\":\"boutique\",\"item\":\"https:\\\/\\\/www.runnek.fr\\\/shop\\\/boutique\\\/\"},{\"@type\":\"ListItem\",\"position\":3,\"name\":\"Maillot thermique femme m\\\/l runnek clima\"}]},{\"@type\":\"WebSite\",\"@id\":\"https:\\\/\\\/www.runnek.fr\\\/shop\\\/#website\",\"url\":\"https:\\\/\\\/www.runnek.fr\\\/shop\\\/\",\"name\":\"Shop Runnek\",\"description\":\"\",\"publisher\":{\"@id\":\"https:\\\/\\\/www.runnek.fr\\\/shop\\\/#organization\"},\"potentialAction\":[{\"@type\":\"SearchAction\",\"target\":{\"@type\":\"EntryPoint\",\"urlTemplate\":\"https:\\\/\\\/www.runnek.fr\\\/shop\\\/?s={search_term_string}\"},\"query-input\":{\"@type\":\"PropertyValueSpecification\",\"valueRequired\":true,\"valueName\":\"search_term_string\"}}],\"inLanguage\":\"fr-FR\"},{\"@type\":\"Organization\",\"@id\":\"https:\\\/\\\/www.runnek.fr\\\/shop\\\/#organization\",\"name\":\"Shop Runnek\",\"url\":\"https:\\\/\\\/www.runnek.fr\\\/shop\\\/\",\"logo\":{\"@type\":\"ImageObject\",\"inLanguage\":\"fr-FR\",\"@id\":\"https:\\\/\\\/www.runnek.fr\\\/shop\\\/#\\\/schema\\\/logo\\\/image\\\/\",\"url\":\"https:\\\/\\\/www.runnek.fr\\\/shop\\\/wp-content\\\/uploads\\\/2020\\\/11\\\/logo-runnek.png\",\"contentUrl\":\"https:\\\/\\\/www.runnek.fr\\\/shop\\\/wp-content\\\/uploads\\\/2020\\\/11\\\/logo-runnek.png\",\"width\":680,\"height\":252,\"caption\":\"Shop Runnek\"},\"image\":{\"@id\":\"https:\\\/\\\/www.runnek.fr\\\/shop\\\/#\\\/schema\\\/logo\\\/image\\\/\"},\"sameAs\":[\"https:\\\/\\\/www.facebook.com\\\/runnekitalia\\\/\",\"https:\\\/\\\/x.com\\\/RunnekItalia\",\"https:\\\/\\\/instagram.com\\\/runnek\",\"https:\\\/\\\/www.youtube.com\\\/user\\\/magliarunningIT\"]}]}<\/script>\n<!-- \/ Yoast SEO plugin. -->","yoast_head_json":{"title":"Maillot thermique femme m\/l runnek clima - Shop Runnek","robots":{"index":"index","follow":"follow","max-snippet":"max-snippet:-1","max-image-preview":"max-image-preview:large","max-video-preview":"max-video-preview:-1"},"canonical":"https:\/\/www.runnek.fr\/shop\/p\/running-femme\/t-shirt-a-manches-longues-femme\/maillot-thermique-femme-m-l-runnek-clima\/","og_locale":"fr_FR","og_type":"article","og_title":"Maillot thermique femme m\/l runnek clima - Shop Runnek","og_description":"Tissus confectionn\u00e9s pour r\u00e9sister aux climats difficiles.  Nos tissus DrySens Winter et Microtech capillarisent la transpiration gr\u00e2ce \u00e0 leur composition micro-Cellulaire.  Con\u00e7u avec des coutures plaqu\u00e9es pour un maximum de confort et pour \u00e9viter les frottements.  Notre technologie Skin4Run garantit une adaptation parfaite \u00e0 votre corps pour am\u00e9liorer vos performances.","og_url":"https:\/\/www.runnek.fr\/shop\/p\/running-femme\/t-shirt-a-manches-longues-femme\/maillot-thermique-femme-m-l-runnek-clima\/","og_site_name":"Shop Runnek","article_publisher":"https:\/\/www.facebook.com\/runnekitalia\/","article_modified_time":"2026-04-27T12:11:59+00:00","og_image":[{"width":800,"height":800,"url":"https:\/\/www.runnek.fr\/shop\/wp-content\/uploads\/2026\/01\/Runnek-CLIMA-vert-medium-olive-m-femme-1.webp","type":"image\/webp"}],"twitter_card":"summary_large_image","twitter_site":"@RunnekItalia","twitter_misc":{"Dur\u00e9e de lecture estim\u00e9e":"2 minutes"},"schema":{"@context":"https:\/\/schema.org","@graph":[{"@type":"WebPage","@id":"https:\/\/www.runnek.fr\/shop\/p\/running-femme\/t-shirt-a-manches-longues-femme\/maillot-thermique-femme-m-l-runnek-clima\/","url":"https:\/\/www.runnek.fr\/shop\/p\/running-femme\/t-shirt-a-manches-longues-femme\/maillot-thermique-femme-m-l-runnek-clima\/","name":"Maillot thermique femme m\/l runnek clima - Shop Runnek","isPartOf":{"@id":"https:\/\/www.runnek.fr\/shop\/#website"},"primaryImageOfPage":{"@id":"https:\/\/www.runnek.fr\/shop\/p\/running-femme\/t-shirt-a-manches-longues-femme\/maillot-thermique-femme-m-l-runnek-clima\/#primaryimage"},"image":{"@id":"https:\/\/www.runnek.fr\/shop\/p\/running-femme\/t-shirt-a-manches-longues-femme\/maillot-thermique-femme-m-l-runnek-clima\/#primaryimage"},"thumbnailUrl":"https:\/\/www.runnek.fr\/shop\/wp-content\/uploads\/2026\/01\/Runnek-CLIMA-vert-medium-olive-m-femme-1.webp","datePublished":"2026-01-20T23:35:08+00:00","dateModified":"2026-04-27T12:11:59+00:00","breadcrumb":{"@id":"https:\/\/www.runnek.fr\/shop\/p\/running-femme\/t-shirt-a-manches-longues-femme\/maillot-thermique-femme-m-l-runnek-clima\/#breadcrumb"},"inLanguage":"fr-FR","potentialAction":[{"@type":"ReadAction","target":["https:\/\/www.runnek.fr\/shop\/p\/running-femme\/t-shirt-a-manches-longues-femme\/maillot-thermique-femme-m-l-runnek-clima\/"]}]},{"@type":"ImageObject","inLanguage":"fr-FR","@id":"https:\/\/www.runnek.fr\/shop\/p\/running-femme\/t-shirt-a-manches-longues-femme\/maillot-thermique-femme-m-l-runnek-clima\/#primaryimage","url":"https:\/\/www.runnek.fr\/shop\/wp-content\/uploads\/2026\/01\/Runnek-CLIMA-vert-medium-olive-m-femme-1.webp","contentUrl":"https:\/\/www.runnek.fr\/shop\/wp-content\/uploads\/2026\/01\/Runnek-CLIMA-vert-medium-olive-m-femme-1.webp","width":800,"height":800},{"@type":"BreadcrumbList","@id":"https:\/\/www.runnek.fr\/shop\/p\/running-femme\/t-shirt-a-manches-longues-femme\/maillot-thermique-femme-m-l-runnek-clima\/#breadcrumb","itemListElement":[{"@type":"ListItem","position":1,"name":"Portada","item":"https:\/\/www.runnek.fr\/shop\/"},{"@type":"ListItem","position":2,"name":"boutique","item":"https:\/\/www.runnek.fr\/shop\/boutique\/"},{"@type":"ListItem","position":3,"name":"Maillot thermique femme m\/l runnek clima"}]},{"@type":"WebSite","@id":"https:\/\/www.runnek.fr\/shop\/#website","url":"https:\/\/www.runnek.fr\/shop\/","name":"Shop Runnek","description":"","publisher":{"@id":"https:\/\/www.runnek.fr\/shop\/#organization"},"potentialAction":[{"@type":"SearchAction","target":{"@type":"EntryPoint","urlTemplate":"https:\/\/www.runnek.fr\/shop\/?s={search_term_string}"},"query-input":{"@type":"PropertyValueSpecification","valueRequired":true,"valueName":"search_term_string"}}],"inLanguage":"fr-FR"},{"@type":"Organization","@id":"https:\/\/www.runnek.fr\/shop\/#organization","name":"Shop Runnek","url":"https:\/\/www.runnek.fr\/shop\/","logo":{"@type":"ImageObject","inLanguage":"fr-FR","@id":"https:\/\/www.runnek.fr\/shop\/#\/schema\/logo\/image\/","url":"https:\/\/www.runnek.fr\/shop\/wp-content\/uploads\/2020\/11\/logo-runnek.png","contentUrl":"https:\/\/www.runnek.fr\/shop\/wp-content\/uploads\/2020\/11\/logo-runnek.png","width":680,"height":252,"caption":"Shop Runnek"},"image":{"@id":"https:\/\/www.runnek.fr\/shop\/#\/schema\/logo\/image\/"},"sameAs":["https:\/\/www.facebook.com\/runnekitalia\/","https:\/\/x.com\/RunnekItalia","https:\/\/instagram.com\/runnek","https:\/\/www.youtube.com\/user\/magliarunningIT"]}]}},"_links":{"self":[{"href":"https:\/\/www.runnek.fr\/shop\/wp-json\/wp\/v2\/product\/5587","targetHints":{"allow":["GET"]}}],"collection":[{"href":"https:\/\/www.runnek.fr\/shop\/wp-json\/wp\/v2\/product"}],"about":[{"href":"https:\/\/www.runnek.fr\/shop\/wp-json\/wp\/v2\/types\/product"}],"replies":[{"embeddable":true,"href":"https:\/\/www.runnek.fr\/shop\/wp-json\/wp\/v2\/comments?post=5587"}],"wp:featuredmedia":[{"embeddable":true,"href":"https:\/\/www.runnek.fr\/shop\/wp-json\/wp\/v2\/media\/5662"}],"wp:attachment":[{"href":"https:\/\/www.runnek.fr\/shop\/wp-json\/wp\/v2\/media?parent=5587"}],"wp:term":[{"taxonomy":"product_brand","embeddable":true,"href":"https:\/\/www.runnek.fr\/shop\/wp-json\/wp\/v2\/product_brand?post=5587"},{"taxonomy":"product_cat","embeddable":true,"href":"https:\/\/www.runnek.fr\/shop\/wp-json\/wp\/v2\/product_cat?post=5587"},{"taxonomy":"product_tag","embeddable":true,"href":"https:\/\/www.runnek.fr\/shop\/wp-json\/wp\/v2\/product_tag?post=5587"}],"curies":[{"name":"wp","href":"https:\/\/api.w.org\/{rel}","templated":true}]}}